 + 37 = -12*m. Is m composite?
False
Suppose -13*b + 1010 = -14*b. Let t = -559 - b. Is t prime?
False
Suppose -2*g - o - 15 + 4 = 0, 2*g = -2*o - 16. Is 6/g + (-14357)/(-7) a prime number?
False
Let f(i) be the second derivative of -25/6*i**3 + 0 + 6*i - 1/2*i**2. Is f(-6) composite?
False
Suppose 12561 = 3*b + 4*h, -2*b - b + 3*h = -12540. Is b prime?
False
Let a(c) = -3*c - 9. Let x be a(-4). Suppose -x*w + 1479 = 4*m, -w - 2*m + 492 = -m. Suppose -w = l - 4*l. Is l a composite number?
False
Suppose 0*n + 660 = -4*n. Let u = -38 - n. Is u composite?
False
Let i = -15 + 19. Suppose 4*c - 1657 + 410 = -3*a, -i*c - 2057 = -5*a. Is a prime?
False
Suppose 4*r - 3 = 13. Is (-11)/(-22) + 714/r prime?
True
Let a = 10 + -10. Let h be (-159)/(-1) - a/2. Suppose 2*w = 5*w - h. Is w composite?
False
Suppose -2047*y + 2046*y = -8161. Is y composite?
False
Let c(z) = 280*z**2 - 6*z - 17. Is c(-4) a composite number?
True
Let f(d) = d**3 - 2*d**2 - 3*d + 5. Let h be f(3). Let u be 3/h - (-90)/(-25). Is (-67)/(u + (4 - 2)) a composite number?
False
Suppose 5*b = 2*o - 7953, -o - 45*b + 3964 = -50*b. Is o prime?
True
Let d = 10 - 8. Let x(p) = -21*p**2 + 2*p + 2. Let a be x(d). Let s = a - -137. Is s a composite number?
False
Suppose -5*p - 7*s + 50845 = -2*s, 2*s + 30517 = 3*p. Is p a composite number?
True
Let y = -39018 + 101915. Is y a composite number?
False
Let a = -112341 - -181808. Is a a composite number?
False
Is (-5 - -1)/(44/(-59191)) a composite number?
False
Let l(z) = 62*z**2 - 9*z - 9. Let w be l(-5). Suppose 6*r - 2*r + 2*c = 3172, -2*r = 4*c - w. Is r a composite number?
True
Let f be (-69)/6*130/(-1). Suppose 11*x - 6*x = f. Is x a prime number?
False
Suppose 0 = -2*z - 3*r + 8, -4*z - 3*r + 8 = r. Is ((-11586)/(-15))/(z/(-5)) a prime number?
True
Let u(c) = 15 + 6*c - 3*c - c**2 + 11*c. Is u(10) composite?
True
Is 39523/11*(3 + -2) a composite number?
False
Suppose -3*t - 2*t - 394 = -k, -2*k + 4*t + 770 = 0. Suppose -4*i - j + 752 = -5*j, -5*j = -2*i + k. Is i + -3*(-12)/9 prime?
True
Is 14/49 - 11681/(-7) prime?
True
Is (-176)/(-176) - 1031*12/(-2) a composite number?
True
Let v = -1141 + 2820. Suppose -12 = -0*m - 4*m. Suppose -5*g + y + m*y = -v, 3*g - 4*y = 1009. Is g a prime number?
False
Let j(i) = 323*i - 3. Let c(n) = -324*n + 2. Let a(y) = -2*c(y) - 3*j(y). Is a(-6) prime?
True
Let t = 4779 + -1138. Is t composite?
True
Suppose a - 3 = -0. Suppose -x = 5*c - 72, -a*c + 3*x - 13 = -49. Is 4/c - (-1811)/7 composite?
True
Let m = -24180 + 40453. Is m a composite number?
False
Let u(x) = 1430*x**2 + 16*x + 1. Is u(-4) composite?
False
Suppose 6*f = 1523 - 6989. Let z = 1490 + f. Is z a prime number?
False
Suppose 0*r + 4 = 2*r. Is 853 - 0*(-3)/(-12) - r prime?
False
Suppose 13241 = 4*h + i, h - 5*i + 38 = 3322. Is h prime?
False
Let k = 35 + -29. Suppose k*y = 11*y - 6585. Is y a prime number?
False
Suppose -3*y = -15 + 18. Is (y/(-3))/((56/(-105819))/(-8)) a composite number?
False
Let g(h) = 16*h**2 - 5*h - 4. Let n be g(4). Suppose n = -l - 95. Let j = 476 + l. Is j composite?
False
Suppose 3*l + 5 = 2*l, -24 = -x + 2*l. Let i = x + -9. Suppose -3*h - h = 2*j - 1782, 4*j = i*h - 2247. Is h prime?
False
Suppose 3*u - 948 = 3. Let z = -535 + u. Let f = 185 - z. Is f a composite number?
True
Suppose -93*g = -101*g + 4328. Is g prime?
True
Suppose -u = 2*m - 3*u - 5158, -4*m + 10316 = u. Is m a composite number?
False
Let x = 2614 - 1085. Is x composite?
True
Suppose 3*i + 2*i = 0, -5*z + 2*i + 2700 = 0. Let p = z + -203. Is p a prime number?
True
Let m(w) = -2*w - 23. Let i be m(-15). Suppose -41152 = -i*d + 18103. Is d prime?
False
Suppose 0 = -8*a + 158176 + 64552. Is a a prime number?
False
Suppose 8*i = 5*i + 1599. Suppose -5*c - i = -6*c. Is c a composite number?
True
Suppose 4*r - 8*r = -12. Suppose -g = 3*b - 3783, 4*g = -r*b - b + 5036. Is b composite?
True
Suppose 5*a - 11523 = -5*g + 3177, 2*a = 2*g + 5860. Is a prime?
False
Let m(l) be the first derivative of 2*l**3/3 + 5*l**2/2 + 10*l + 2. Let u be 11*(-3 + 3 + 1). Is m(u) composite?
False
Let j = 13664 - 9642. Is j composite?
True
Is 6/(24/(-17948))*(4 + -5) a composite number?
True
Is 56402*(30/(-50))/(24/(-20)) a prime number?
True
Let l(v) = 113*v + 69. Is l(26) composite?
True
Let q(s) be the first derivative of -12*s**4 - 2*s**3/3 - s**2 - s - 2. Let o be q(-1). Let i = 114 - o. Is i composite?
False
Suppose 5*s - 2*t = 853083, 3*s + 3*t - 136237 = 375596. Is s prime?
False
Let t(w) = w**2 + 5*w - 4. Let y be t(-6). Suppose -y*i + 3558 = 4*m, -3543 = -6*m + 2*m + i. Is m prime?
True
Suppose 4*m = 3*z - 5*z + 1622, 3*z = -5*m + 2026. Is m prime?
False
Let o(a) = -83*a + 29. Suppose -l + 1 - 7 = 0. Is o(l) a prime number?
False
Let q = -223 - -378. Suppose 5*r + y + y = -444, -350 = 4*r - y. Let l = r + q. Is l a prime number?
True
Suppose 2 - 6 = -w. Suppose -2*f = -2*o - 4200, -4*o - w = -0. Is f a prime number?
True
Is 1*(-5)/(1/(-6521)*1) prime?
False
Let w(d) = 235*d**3 - 8*d**2 + 17*d + 1. Is w(2) a prime number?
False
Suppose 11*b - 6300 = 1873. Is b composite?
False
Let r = -41 + 11. Let c be ((-4)/6)/((-5)/r). Is (c/12)/(3/(-54)) composite?
True
Let d(l) = l**3 + 12*l**2 + l + 9. Let m be d(-12). Is 0 - -639 - 6/m a prime number?
True
Suppose -4*u = -2*f - 1 - 15, u = -3*f + 11. Suppose 1646 = u*i - w, -3*w = 5*i - 419 - 1223. Is i a prime number?
False
Suppose -4*w + 5*a - 1 = -0, -4*w + 3*a = -1. Let h(b) = 395*b - 1. Is h(w) a composite number?
True
Suppose -i + 3*i = -2*d + 14994, -37499 = -5*d + 2*i. Is d a prime number?
True
Let p(a) = -a**2 + 15*a - 42. Let j be p(8). Let y = 343 - j. Is y prime?
False
Suppose 5*o - 20 = 0, -2*c + 7*c - 5*o = 22630. Suppose 5*k - c = -5*b, 7*k + b - 4510 = 2*k. Is k a prime number?
False
Suppose 5*q + 20 = -4*n - 6, 4*n + 18 = -q. Let d = 39 + q. Is d a composite number?
False
Let v = 1651 + -894. Is v a composite number?
False
Suppose -13184 = -21*i + 17*i + 3*s, 5*i - 16491 = s. Is i a prime number?
True
Let z(i) = 398*i**2 + 29*i - 95. Is z(4) composite?
False
Suppose 0*h - 97 = -h. Suppose -101*c + h*c = -332. Is c a composite number?
False
Let z(r) = 0 + 1 + 7 + 0*r - 189*r. Is z(-2) prime?
False
Let d = 11 - 11. Suppose 2*i - 4*w + d*w - 2 = 0, -4*w = i - 7. Suppose -b = -17 + i. Is b a prime number?
False
Suppose 9*s - 2*s = 98329. Is s prime?
False
Let m(a) = 58*a + 257. Is m(-3) a composite number?
False
Suppose -73*g + 68*g + 5405 = 0. Is g a prime number?
False
Let y = -5 + 6. Let u be y + 1 + (-28)/(-7). Suppose 4*v - 1406 = -2*k, -1780 = -5*v + u*k - k. Is v a prime number?
True
Let h = 2670 + -1112. Suppose 0 = 3*r + 2*o - h + 487, 3*o - 350 = -r. Is r prime?
True
Suppose -4*k + 37 = -95. Let m = 62 - k. Suppose -s = 1, -9 = -3*o - s + m. Is o prime?
True
Let g(k) = 2*k + 16. Suppose -r + 3*i = 3, 2*i - 10 = -0*r + 2*r. Let v be g(r). Suppose v*q - 1507 = -3*l, 0 = -2*q - 3*l + 664 + 97. Is q composite?
False
Let b = -11927 + 16908. Is b composite?
True
Let n = 66720 - 46977. Is n composite?
True
Suppose -u + 4*q - 20 = 0, 5*q - 8*q + 15 = 4*u. Suppose 0 = 5*z + c - 67, -3*z - 2*z + c + 63 = u. Is z composite?
False
Suppose -5*j + 26 - 11 = 0. Suppose j*w - 7*w = -3972. Is w composite?
True
Let s(n) = n**3 - 2*n**2 - n + 6458. Is s(0) a prime number?
False
Let m be 689 + -1 + -4 + 0. Let o = m - 33. Let w = o + -332. Is w a prime number?
False
Let g(z) be the second derivative of -z**4/12 - 4*z**3/3 - 3*z**2 - 3*z. Let q be g(-7). Is 440 - (q - (-20)/(-5)) a composite number?
False
Suppose 5*v - 2840 = -s, -783 = -3*v - s + 923. Let i = v - 236. Is i prime?
True
Let m(s) = -1. Let j(h) = 5*h + 9. Let f(y) = j(y) + 6*m(y). Let x be f(18). Let b = -56 + x. Is b composite?
False
Suppose -3*z + 46 = 5*t + 3, 2*t + 4*z = 20. Suppose 3*s = 3*j + s - 5, 4*j + t = -s. Is (j/3)/((-6)/1530) composite?
True
Suppose 6*u - 2*u = h - 1375, -5*h - 5*u = -6900. Is h composite?
True
Let i be 8 - 4 - 0/(-4). Suppose 5 = -2*t + 3*q + 12, 0 = -4*q - i. Suppose 0 = -5*x + 3*j + 164, 26 = 3*x - t*x - 4*j. Is x prime?
False
Let q be 1 + -1 + (8 - 16 - -8). Suppose f + q*t - 3*t = 1442, -5*f + 7280 = -t. Is f prime?
False
Let a(s) = s**3 + 2*s**2 - 4. Let p be a(-2). Is (p + 8 - 1178)/(2*-1) prime?
True
Suppose -18*t = -3